{"id":51,"date":"2016-02-01T22:11:51","date_gmt":"2016-02-01T20:11:51","guid":{"rendered":"http:\/\/soitannollinenkerho.com\/wordpress\/wordpress\/?page_id=51"},"modified":"2026-01-26T11:57:06","modified_gmt":"2026-01-26T08:57:06","slug":"konsertit","status":"publish","type":"page","link":"http:\/\/soitannollinenkerho.com\/wordpress\/?page_id=51","title":{"rendered":"Konsertit"},"content":{"rendered":"<p><strong>Yhdistyksen perustamisesta tuli 90 vuotta ja sen juhlinta aloitettiin menestyksekk\u00e4\u00e4sti 19.10.2024 t\u00e4p\u00f6t\u00e4ydess\u00e4 Ruusukorttelin juhlasalissa. Ja TSK 90 vuotta juhlakonsertti, osa 1 sai jatkoa kun sen rekister\u00f6imisp\u00e4iv\u00e4st\u00e4 tuli 90 vuotta 9.2.2025. Tuolloin Turun VPK:n talolla oli &#8221;TSK 90 vuotta juhlakonsertti, osa 2&#8221;.<\/strong><\/p>\n<p><em>Syksyst\u00e4 2024 alkaen olemme j\u00e4rjest\u00e4neet konsertteja my\u00f6s Turun Ruusukorttelissa<\/em>.<\/p>\n<p>Soitannollinen kerho on j\u00e4rjest\u00e4nyt vuosittain muutaman konsertin suurelle yleis\u00f6lle. Konsertit ovat yleens\u00e4 teemallisia, sek\u00e4 suunnattuna suurelle yleis\u00f6lle taikka vammaisty\u00f6lle ja hyv\u00e4ntekev\u00e4isyydelle. Paikalliset yhdistykset ovat l\u00f6yt\u00e4neet meid\u00e4t ja tekev\u00e4t yhteisty\u00f6t\u00e4 kanssamme. Kiitos heille.<\/p>\n<p>Orkesterien kokoonpano on useimmiten ollut 5-8 miehinen kokoonpano. Juonnettujen konserttien musiikin valinta on ollut monipuolista eri aikakausien tanssi- ja viihdemusiikkia. Esitt\u00e4j\u00e4kaarti j\u00e4senist\u00f6st\u00e4mme on konserteissa ollut monipuolinen.<\/p>\n<p>Korona-aika vaikutti suuresti maamme musiikkiyhteis\u00f6n toimintaan, samoin my\u00f6s TSK:n toimintaan ja j\u00e4senist\u00f6\u00f6n, mutta nyt vuonna 2025 toimintatilanne oli jo parempi kuin ennen koronaa.<\/p>\n<p><strong>\u00a0<\/strong><\/p>\n","protected":false},"excerpt":{"rendered":"<p>Yhdistyksen perustamisesta tuli 90 vuotta ja sen juhlinta aloitettiin menestyksekk\u00e4\u00e4sti 19.10.2024 t\u00e4p\u00f6t\u00e4ydess\u00e4 Ruusukorttelin juhlasalissa. Ja TSK 90 vuotta juhlakonsertti, osa 1 sai jatkoa kun sen rekister\u00f6imisp\u00e4iv\u00e4st\u00e4 tuli 90 vuotta 9.2.2025. [&hellip;]<\/p>\n","protected":false},"author":1,"featured_media":0,"parent":7,"menu_order":0,"comment_status":"closed","ping_status":"closed","template":"","meta":{"footnotes":""},"class_list":["post-51","page","type-page","status-publish","czr-hentry"],"_links":{"self":[{"href":"http:\/\/soitannollinenkerho.com\/wordpress\/index.php?rest_route=\/wp\/v2\/pages\/51","targetHints":{"allow":["GET"]}}],"collection":[{"href":"http:\/\/soitannollinenkerho.com\/wordpress\/index.php?rest_route=\/wp\/v2\/pages"}],"about":[{"href":"http:\/\/soitannollinenkerho.com\/wordpress\/index.php?rest_route=\/wp\/v2\/types\/page"}],"author":[{"embeddable":true,"href":"http:\/\/soitannollinenkerho.com\/wordpress\/index.php?rest_route=\/wp\/v2\/users\/1"}],"replies":[{"embeddable":true,"href":"http:\/\/soitannollinenkerho.com\/wordpress\/index.php?rest_route=%2Fwp%2Fv2%2Fcomments&post=51"}],"version-history":[{"count":26,"href":"http:\/\/soitannollinenkerho.com\/wordpress\/index.php?rest_route=\/wp\/v2\/pages\/51\/revisions"}],"predecessor-version":[{"id":2504,"href":"http:\/\/soitannollinenkerho.com\/wordpress\/index.php?rest_route=\/wp\/v2\/pages\/51\/revisions\/2504"}],"up":[{"embeddable":true,"href":"http:\/\/soitannollinenkerho.com\/wordpress\/index.php?rest_route=\/wp\/v2\/pages\/7"}],"wp:attachment":[{"href":"http:\/\/soitannollinenkerho.com\/wordpress\/index.php?rest_route=%2Fwp%2Fv2%2Fmedia&parent=51"}],"curies":[{"name":"wp","href":"https:\/\/api.w.org\/{rel}","templated":true}]}}