{"id":37,"date":"2016-02-01T12:01:53","date_gmt":"2016-02-01T10:01:53","guid":{"rendered":"http:\/\/soitannollinenkerho.com\/wordpress\/wordpress\/?page_id=37"},"modified":"2026-01-26T12:38:10","modified_gmt":"2026-01-26T09:38:10","slug":"tsk-turku-accordeon","status":"publish","type":"page","link":"http:\/\/soitannollinenkerho.com\/wordpress\/?page_id=37","title":{"rendered":"TSK Turku Accordeon"},"content":{"rendered":"<pre><div class=\"flickr-justified-gallery-error\"><span style=\"color:red\">Flickr API error: <\/span><span class=\"flickr-justified-gallery-error-msg\">Invalid API Key (Key has invalid format)<\/span><\/div> \n\n<em>Kuvat Antti Kev\u00e4tlahti\n<\/em><\/pre>\n<p><a href=\"http:\/\/soitannollinenkerho.com\/wordpress\/wp-content\/uploads\/TSK-Turku-Accordeon-2019-tulokset.pdf\">TSK Turku Accordeon 2019 tulokset<\/a><\/p>\n<p>Turun Soitannollisessa Kerhossa harmonikkakilpailut olivat pitk\u00e4 perinne. Vuonna 2015 vietettiin jo kisojen 40-vuotisjuhlaa. Tapahtumaa uudistettiin kerta toisensa j\u00e4lkeen mm. laajentamalla se valtakunnalliseksi ja ik\u00e4rajattomaksi. T\u00e4ss\u00e4 yhteydess\u00e4 nimest\u00e4 tuli TSK Turku Accordeon, kun sit\u00e4 ennen se oli Varsinais-Suomen nuorten harmonikkakilpailut.<\/p>\n<p>Vuoden 2019 kilpailun j\u00e4rjest\u00e4misess\u00e4 oli ongelmia saada tarvittava m\u00e4\u00e4r\u00e4 kilpailun tekij\u00f6it\u00e4 mukaan, joten TSK:n hallitus teki 2.10.2019 p\u00e4\u00e4t\u00f6ksen ja teki kirjallisen sopimuksen kilpailun siirt\u00e4misest\u00e4 Helmiharmonikoitten vastuulle kokonaisuudessaan.<\/p>\n<p>TSK ry varasi sopimuksessa tiettyjen ehtojen t\u00e4yttyess\u00e4 tapahtuman siirron takaisin itselleen ja kilpailun j\u00e4rjestelyvastuu on siirtynyt takaisin TSK:lle.<\/p>\n\n\n<p><\/p>\n","protected":false},"excerpt":{"rendered":"<p>Kuvat Antti Kev\u00e4tlahti TSK Turku Accordeon 2019 tulokset Turun Soitannollisessa Kerhossa harmonikkakilpailut olivat pitk\u00e4 perinne. Vuonna 2015 vietettiin jo kisojen 40-vuotisjuhlaa. Tapahtumaa uudistettiin kerta toisensa j\u00e4lkeen mm. laajentamalla se valtakunnalliseksi [&hellip;]<\/p>\n","protected":false},"author":1,"featured_media":0,"parent":7,"menu_order":0,"comment_status":"closed","ping_status":"closed","template":"","meta":{"footnotes":""},"class_list":["post-37","page","type-page","status-publish","czr-hentry"],"_links":{"self":[{"href":"http:\/\/soitannollinenkerho.com\/wordpress\/index.php?rest_route=\/wp\/v2\/pages\/37","targetHints":{"allow":["GET"]}}],"collection":[{"href":"http:\/\/soitannollinenkerho.com\/wordpress\/index.php?rest_route=\/wp\/v2\/pages"}],"about":[{"href":"http:\/\/soitannollinenkerho.com\/wordpress\/index.php?rest_route=\/wp\/v2\/types\/page"}],"author":[{"embeddable":true,"href":"http:\/\/soitannollinenkerho.com\/wordpress\/index.php?rest_route=\/wp\/v2\/users\/1"}],"replies":[{"embeddable":true,"href":"http:\/\/soitannollinenkerho.com\/wordpress\/index.php?rest_route=%2Fwp%2Fv2%2Fcomments&post=37"}],"version-history":[{"count":25,"href":"http:\/\/soitannollinenkerho.com\/wordpress\/index.php?rest_route=\/wp\/v2\/pages\/37\/revisions"}],"predecessor-version":[{"id":2513,"href":"http:\/\/soitannollinenkerho.com\/wordpress\/index.php?rest_route=\/wp\/v2\/pages\/37\/revisions\/2513"}],"up":[{"embeddable":true,"href":"http:\/\/soitannollinenkerho.com\/wordpress\/index.php?rest_route=\/wp\/v2\/pages\/7"}],"wp:attachment":[{"href":"http:\/\/soitannollinenkerho.com\/wordpress\/index.php?rest_route=%2Fwp%2Fv2%2Fmedia&parent=37"}],"curies":[{"name":"wp","href":"https:\/\/api.w.org\/{rel}","templated":true}]}}

<pre><div class="flickr-justified-gallery-error"><span style="color:red">Flickr API error: </span><span class="flickr-justified-gallery-error-msg">Invalid API Key (Key has invalid format)</span></div> 

<em>Kuvat Antti Kevätlahti
</em></pre>
<p><a href="http://soitannollinenkerho.com/wordpress/wp-content/uploads/TSK-Turku-Accordeon-2019-tulokset.pdf">TSK Turku Accordeon 2019 tulokset</a></p>
<p>Turun Soitannollisessa Kerhossa harmonikkakilpailut olivat pitkä perinne. Vuonna 2015 vietettiin jo kisojen 40-vuotisjuhlaa. Tapahtumaa uudistettiin kerta toisensa jälkeen mm. laajentamalla se valtakunnalliseksi ja ikärajattomaksi. Tässä yhteydessä nimestä tuli TSK Turku Accordeon, kun sitä ennen se oli Varsinais-Suomen nuorten harmonikkakilpailut.</p>
<p>Vuoden 2019 kilpailun järjestämisessä oli ongelmia saada tarvittava määrä kilpailun tekijöitä mukaan, joten TSK:n hallitus teki 2.10.2019 päätöksen ja teki kirjallisen sopimuksen kilpailun siirtämisestä Helmiharmonikoitten vastuulle kokonaisuudessaan.</p>
<p>TSK ry varasi sopimuksessa tiettyjen ehtojen täyttyessä tapahtuman siirron takaisin itselleen ja kilpailun järjestelyvastuu on siirtynyt takaisin TSK:lle.</p>


<p></p>

<p>Kuvat Antti Kevätlahti TSK Turku Accordeon 2019 tulokset Turun Soitannollisessa Kerhossa harmonikkakilpailut olivat pitkä perinne. Vuonna 2015 vietettiin jo kisojen 40-vuotisjuhlaa. Tapahtumaa uudistettiin kerta toisensa jälkeen mm. laajentamalla se valtakunnalliseksi [&hellip;]</p>
