{"id":12,"date":"2016-01-31T21:17:43","date_gmt":"2016-01-31T19:17:43","guid":{"rendered":"http:\/\/soitannollinenkerho.com\/wordpress\/wordpress\/?page_id=12"},"modified":"2026-03-12T14:17:36","modified_gmt":"2026-03-12T11:17:36","slug":"yhteydenotto","status":"publish","type":"page","link":"http:\/\/soitannollinenkerho.com\/wordpress\/?page_id=12","title":{"rendered":"Yhteydenotto"},"content":{"rendered":"<h2>Hallitus 2025<\/h2>\n<ul class=\"disc\">\n<li>Jussi Lempi\u00e4inen\u00a0 puheenjohtaja,\u00a0 puh. 02 233 5225<\/li>\n<li>Timo Rautala\u00a0 \u00a0 \u00a0 \u00a0 varapuheenjohtaja<\/li>\n<li>Taina Steng\u00e5rd\u00a0 \u00a0 \u00a0sihteeri<\/li>\n<li>Esa Laukkanen\u00a0 \u00a0 \u00a0j\u00e4senrekisteri, tskerho (at) gmail.com<\/li>\n<li>Pentti Vatanen\u00a0 \u00a0 \u00a0rahastonhoitaja<\/li>\n<li>Harry Lindstr\u00f6m\u00a0 \u00a0j\u00e4sen<\/li>\n<\/ul>\n<p><strong>S\u00e4hk\u00f6posti<\/strong>:<\/p>\n<ul class=\"disc\">\n<li>tskry.some (at) gmail.com<\/li>\n<li>tsk (at) soitannollinenkerho.com (pj, sihteeri, rahastonhoitaja)<\/li>\n<li>tskerho (at) gmail.com (j\u00e4senasiat)<\/li>\n<\/ul>\n<p>Postiosoite:<br \/>\nTurun Soitannollinen Kerho ry<br \/>\nViilarinkatu 4<br \/>\n20320 Turku<\/p>\n<p><strong>Esiintymislavan vuokraus<\/strong>:<\/p>\n<p>tskry.some (at) gmail.com \/ 045 348 9192 \/ 02 233 5225<\/p>\n<p><strong>Konserttien lipunmyynti<\/strong>: tskry.liput (at) gmail.com<\/p>\n<h4>Haku j\u00e4seneksi<\/h4>\n<p>Ota yhteys s\u00e4hk\u00f6postitse tskerho (at) gmail.com<\/p>\n<p><strong>Yhteislaulut-pihatanssien esiintyj\u00e4t<\/strong><\/p>\n<p>rautalatimo (at) gmail.com<\/p>\n<p class=\"headline\"><b>Yhteisty\u00f6kumppanien ja tuttujen linkkej\u00e4<\/b><\/p>\n<ul>\n<li style=\"list-style-type: none;\">\n<ul class=\"disc\">\n<li><a href=\"http:\/\/www.gramex.fi\/\" target=\"_blank\" rel=\"noopener noreferrer\">Gramex r.y.<\/a><\/li>\n<li><a href=\"http:\/\/www.juhasimola.com\/\" target=\"_blank\" rel=\"noopener noreferrer\">Juha Simola<\/a><\/li>\n<li><a href=\"http:\/\/www.painonappi.fi\/\" target=\"_blank\" rel=\"noopener noreferrer\">Painonappi<\/a><\/li>\n<li><a href=\"http:\/\/www.harmonikkaliitto.net\/linkit.html\" target=\"_blank\" rel=\"noopener noreferrer\">Suomen Harmonikkaliitto<\/a><\/li>\n<li><a href=\"http:\/\/www.sulasol.fi\/\" target=\"_blank\" rel=\"noopener noreferrer\">Suomen Laulajain ja Soittajain Liitto r.y.<\/a><\/li>\n<li><a href=\"http:\/\/www.teosto.fi\/\" target=\"_blank\" rel=\"noopener noreferrer\">S\u00e4velt\u00e4j\u00e4in Tekij\u00e4noikeustoimisto Teosto r.y.<\/a><\/li>\n<li><a href=\"http:\/\/www.timorautala.com\/\" target=\"_blank\" rel=\"noopener noreferrer\">Timo Rautala &amp; Atlas-orkesteri<\/a><\/li>\n<li><a href=\"http:\/\/www.turunharmonikkakerho.net\/\" target=\"_blank\" rel=\"noopener noreferrer\">Turun Harmonikkakerho r.y.<\/a><\/li>\n<li><a href=\"http:\/\/www.turku.fi\/\" target=\"_blank\" rel=\"noopener noreferrer\">Turun kaupunki<\/a><\/li>\n<li><a href=\"http:\/\/tainalaiho.fi\">Taina Laiho<\/a><\/li>\n<\/ul>\n<\/li>\n<\/ul>\n","protected":false},"excerpt":{"rendered":"<p>Hallitus 2025 Jussi Lempi\u00e4inen\u00a0 puheenjohtaja,\u00a0 puh. 02 233 5225 Timo Rautala\u00a0 \u00a0 \u00a0 \u00a0 varapuheenjohtaja Taina Steng\u00e5rd\u00a0 \u00a0 \u00a0sihteeri Esa Laukkanen\u00a0 \u00a0 \u00a0j\u00e4senrekisteri, tskerho (at) gmail.com Pentti Vatanen\u00a0 \u00a0 \u00a0rahastonhoitaja [&hellip;]<\/p>\n","protected":false},"author":1,"featured_media":0,"parent":0,"menu_order":7,"comment_status":"closed","ping_status":"closed","template":"","meta":{"footnotes":""},"class_list":["post-12","page","type-page","status-publish","czr-hentry"],"_links":{"self":[{"href":"http:\/\/soitannollinenkerho.com\/wordpress\/index.php?rest_route=\/wp\/v2\/pages\/12","targetHints":{"allow":["GET"]}}],"collection":[{"href":"http:\/\/soitannollinenkerho.com\/wordpress\/index.php?rest_route=\/wp\/v2\/pages"}],"about":[{"href":"http:\/\/soitannollinenkerho.com\/wordpress\/index.php?rest_route=\/wp\/v2\/types\/page"}],"author":[{"embeddable":true,"href":"http:\/\/soitannollinenkerho.com\/wordpress\/index.php?rest_route=\/wp\/v2\/users\/1"}],"replies":[{"embeddable":true,"href":"http:\/\/soitannollinenkerho.com\/wordpress\/index.php?rest_route=%2Fwp%2Fv2%2Fcomments&post=12"}],"version-history":[{"count":41,"href":"http:\/\/soitannollinenkerho.com\/wordpress\/index.php?rest_route=\/wp\/v2\/pages\/12\/revisions"}],"predecessor-version":[{"id":2574,"href":"http:\/\/soitannollinenkerho.com\/wordpress\/index.php?rest_route=\/wp\/v2\/pages\/12\/revisions\/2574"}],"wp:attachment":[{"href":"http:\/\/soitannollinenkerho.com\/wordpress\/index.php?rest_route=%2Fwp%2Fv2%2Fmedia&parent=12"}],"curies":[{"name":"wp","href":"https:\/\/api.w.org\/{rel}","templated":true}]}}